{"id":58,"date":"2017-03-29T21:06:29","date_gmt":"2017-03-29T19:06:29","guid":{"rendered":"https:\/\/mn-bikes.de\/wordpress\/?page_id=58"},"modified":"2021-03-22T23:19:33","modified_gmt":"2021-03-22T22:19:33","slug":"ueber-uns","status":"publish","type":"page","link":"https:\/\/mn-bikes.de\/index.php\/ueber-uns\/","title":{"rendered":"\u00dcber uns"},"content":{"rendered":"<p>Seit Anfang 2011 steht &#8220;mn-bikes&#8221; f\u00fcr den Handel mit hochwertigen Mountainbikes, Kultbikes und Fahrradteilen.<\/p>\n<p>Qualit\u00e4t, Funktionalit\u00e4t und Langlebigkeit sind wie bei den meisten Dingen, auch bei den Mountainbikes entscheidende Faktoren, die sich auch deutlich im Preisunterschied zu &#8220;Billig-Mountainbikes&#8221; zeigen.<\/p>\n<p>Aus diesem Grund haben wir uns dazu entschieden, gebrauchte und hochwertige Mountainbikes anzubieten um mit einem geringeren finanziellen Einsatz die Vorteile von hochwertigen Bikes genie\u00dfen zu k\u00f6nnen.<\/p>\n<p>Gebraucht hei\u00dft nicht gleich verbraucht und auch nicht veraltet. Somit haben wir auch viele gebrauchte Bikes welche erst ein paar Wochen oder Monate alt sind und sich optisch wie technisch nahezu im Neuzustand befinden, f\u00fcr einen deutlich geringeren Preis als bei Neuanschaffung.<\/p>\n<p>Ein weiteres Spektrum sind die sog. Kultbikes. Diese stammen gr\u00f6\u00dftenteils aus dem Anfang der\u00a090er Jahre und haben mittlerweile einen Kultstatus erreicht. Bekannte Marken aus dieser Zeit sind z.B. Klein, Breezer, Fat Chance, Yeti uvm.<\/p>\n<p>F\u00fcr Fragen, Anfragen, Angebote sowie Informationen k\u00f6nnen Sie sich gerne an uns wenden.<\/p>\n<p>Gerne stellen wir auch individuelle Fahrr\u00e4der f\u00fcr Sie zusammen.<\/p>\n","protected":false},"excerpt":{"rendered":"<p>Seit Anfang 2011 steht &#8220;mn-bikes&#8221; f\u00fcr den Handel mit hochwertigen Mountainbikes, Kultbikes und Fahrradteilen. Qualit\u00e4t, Funktionalit\u00e4t und Langlebigkeit sind wie<\/p>\n","protected":false},"author":1,"featured_media":0,"parent":0,"menu_order":0,"comment_status":"closed","ping_status":"closed","template":"","meta":{"footnotes":""},"class_list":["post-58","page","type-page","status-publish","hentry"],"_links":{"self":[{"href":"https:\/\/mn-bikes.de\/index.php\/wp-json\/wp\/v2\/pages\/58","targetHints":{"allow":["GET"]}}],"collection":[{"href":"https:\/\/mn-bikes.de\/index.php\/wp-json\/wp\/v2\/pages"}],"about":[{"href":"https:\/\/mn-bikes.de\/index.php\/wp-json\/wp\/v2\/types\/page"}],"author":[{"embeddable":true,"href":"https:\/\/mn-bikes.de\/index.php\/wp-json\/wp\/v2\/users\/1"}],"replies":[{"embeddable":true,"href":"https:\/\/mn-bikes.de\/index.php\/wp-json\/wp\/v2\/comments?post=58"}],"version-history":[{"count":6,"href":"https:\/\/mn-bikes.de\/index.php\/wp-json\/wp\/v2\/pages\/58\/revisions"}],"predecessor-version":[{"id":627,"href":"https:\/\/mn-bikes.de\/index.php\/wp-json\/wp\/v2\/pages\/58\/revisions\/627"}],"wp:attachment":[{"href":"https:\/\/mn-bikes.de\/index.php\/wp-json\/wp\/v2\/media?parent=58"}],"curies":[{"name":"wp","href":"https:\/\/api.w.org\/{rel}","templated":true}]}}